{"version":"1.0","provider_name":"szenik","provider_url":"https:\/\/www.szenik.eu\/de\/","author_name":"szenik","author_url":"https:\/\/www.szenik.eu\/de\/","title":"Klassiker: Die Zauberfl\u00f6te beendet das Jahr in Luzern I szenik","type":"rich","width":600,"height":338,"html":"<blockquote class=\"wp-embedded-content\" data-secret=\"bOvh07I3m1\"><a href=\"https:\/\/www.szenik.eu\/de\/event\/die-zauberflote-3\">Die Zauberfl\u00f6te<\/a><\/blockquote><iframe sandbox=\"allow-scripts\" security=\"restricted\" src=\"https:\/\/www.szenik.eu\/de\/event\/die-zauberflote-3\/embed#?secret=bOvh07I3m1\" width=\"600\" height=\"338\" title=\"&#8222;Die Zauberfl\u00f6te&#8220; &#8211; szenik\" data-secret=\"bOvh07I3m1\" frameborder=\"0\" marginwidth=\"0\" marginheight=\"0\" scrolling=\"no\" class=\"wp-embedded-content\"><\/iframe><script type=\"text\/javascript\">\n\/*! This file is auto-generated *\/\n!function(c,d){\"use strict\";var e=!1,o=!1;if(d.querySelector)if(c.addEventListener)e=!0;if(c.wp=c.wp||{},c.wp.receiveEmbedMessage);else if(c.wp.receiveEmbedMessage=function(e){var t=e.data;if(!t);else if(!(t.secret||t.message||t.value));else if(\/[^a-zA-Z0-9]\/.test(t.secret));else{for(var r,s,a,i=d.querySelectorAll('iframe[data-secret=\"'+t.secret+'\"]'),n=d.querySelectorAll('blockquote[data-secret=\"'+t.secret+'\"]'),o=new RegExp(\"^https?:$\",\"i\"),l=0;l<n.length;l++)n[l].style.display=\"none\";for(l=0;l<i.length;l++)if(r=i[l],e.source!==r.contentWindow);else{if(r.removeAttribute(\"style\"),\"height\"===t.message){if(1e3<(s=parseInt(t.value,10)))s=1e3;else if(~~s<200)s=200;r.height=s}if(\"link\"===t.message)if(s=d.createElement(\"a\"),a=d.createElement(\"a\"),s.href=r.getAttribute(\"src\"),a.href=t.value,!o.test(a.protocol));else if(a.host===s.host)if(d.activeElement===r)c.top.location.href=t.value}}},e)c.addEventListener(\"message\",c.wp.receiveEmbedMessage,!1),d.addEventListener(\"DOMContentLoaded\",t,!1),c.addEventListener(\"load\",t,!1);function t(){if(o);else{o=!0;for(var e,t,r,s=-1!==navigator.appVersion.indexOf(\"MSIE 10\"),a=!!navigator.userAgent.match(\/Trident.*rv:11\\.\/),i=d.querySelectorAll(\"iframe.wp-embedded-content\"),n=0;n<i.length;n++){if(!(r=(t=i[n]).getAttribute(\"data-secret\")))r=Math.random().toString(36).substr(2,10),t.src+=\"#?secret=\"+r,t.setAttribute(\"data-secret\",r);if(s||a)(e=t.cloneNode(!0)).removeAttribute(\"security\"),t.parentNode.replaceChild(e,t);t.contentWindow.postMessage({message:\"ready\",secret:r},\"*\")}}}}(window,document);\n<\/script>\n","thumbnail_url":"https:\/\/www.szenik.eu\/wp-content\/uploads\/2019\/07\/logo-square.png","thumbnail_width":512,"thumbnail_height":512,"description":"[Infos & Video] \u201eDer Vogelf\u00e4nger bin ich, ja...!\u201c Na klar, Sie wissen welche Oper hier gemeint ist! Das Luzerner Theater bringt den Klassiker in einer Inszenierung von Wouter Van Looy auf die B\u00fchne und erfreut damit Gro\u00df und Klein. Was f\u00fcr eine gute Idee so das Jahr musikalisch zu beenden."}

Klassiker: Die Zauberflöte beendet das Jahr in Luzern I szenik

<blockquote class="wp-embedded-content" data-secret="bOvh07I3m1"><a href="https://www.szenik.eu/de/event/die-zauberflote-3">Die Zauberflöte</a></blockquote><iframe sandbox="allow-scripts" security="restricted" src="https://www.szenik.eu/de/event/die-zauberflote-3/embed#?secret=bOvh07I3m1" width="600" height="338" title="&#8222;Die Zauberflöte&#8220; &#8211; szenik" data-secret="bOvh07I3m1" frameborder="0" marginwidth="0" marginheight="0" scrolling="no" class="wp-embedded-content"></iframe><script type="text/javascript">
/*! This file is auto-generated */
!function(c,d){"use strict";var e=!1,o=!1;if(d.querySelector)if(c.addEventListener)e=!0;if(c.wp=c.wp||{},c.wp.receiveEmbedMessage);else if(c.wp.receiveEmbedMessage=function(e){var t=e.data;if(!t);else if(!(t.secret||t.message||t.value));else if(/[^a-zA-Z0-9]/.test(t.secret));else{for(var r,s,a,i=d.querySelectorAll('iframe[data-secret="'+t.secret+'"]'),n=d.querySelectorAll('blockquote[data-secret="'+t.secret+'"]'),o=new RegExp("^https?:$","i"),l=0;l<n.length;l++)n[l].style.display="none";for(l=0;l<i.length;l++)if(r=i[l],e.source!==r.contentWindow);else{if(r.removeAttribute("style"),"height"===t.message){if(1e3<(s=parseInt(t.value,10)))s=1e3;else if(~~s<200)s=200;r.height=s}if("link"===t.message)if(s=d.createElement("a"),a=d.createElement("a"),s.href=r.getAttribute("src"),a.href=t.value,!o.test(a.protocol));else if(a.host===s.host)if(d.activeElement===r)c.top.location.href=t.value}}},e)c.addEventListener("message",c.wp.receiveEmbedMessage,!1),d.addEventListener("DOMContentLoaded",t,!1),c.addEventListener("load",t,!1);function t(){if(o);else{o=!0;for(var e,t,r,s=-1!==navigator.appVersion.indexOf("MSIE 10"),a=!!navigator.userAgent.match(/Trident.*rv:11\./),i=d.querySelectorAll("iframe.wp-embedded-content"),n=0;n<i.length;n++){if(!(r=(t=i[n]).getAttribute("data-secret")))r=Math.random().toString(36).substr(2,10),t.src+="#?secret="+r,t.setAttribute("data-secret",r);if(s||a)(e=t.cloneNode(!0)).removeAttribute("security"),t.parentNode.replaceChild(e,t);t.contentWindow.postMessage({message:"ready",secret:r},"*")}}}}(window,document);
</script>

[Infos & Video] „Der Vogelfänger bin ich, ja...!“ Na klar, Sie wissen welche Oper hier gemeint ist! Das Luzerner Theater bringt den Klassiker in einer Inszenierung von Wouter Van Looy auf die Bühne und erfreut damit Groß und Klein. Was für eine gute Idee so das Jahr musikalisch zu beenden.
